{"id":465,"date":"2014-10-06T12:37:16","date_gmt":"2014-10-06T10:37:16","guid":{"rendered":"http:\/\/neu.ritter-fest.de\/wp\/?page_id=465"},"modified":"2025-05-06T17:02:08","modified_gmt":"2025-05-06T15:02:08","slug":"anreise-parken","status":"publish","type":"page","link":"https:\/\/www.ritter-fest.de\/en\/ritter-fest-kufstein\/festung-kufstein\/anreise-parken\/","title":{"rendered":"Journey \/ Parking"},"content":{"rendered":"<p><strong>Kufstein Fortress is only about 200 m from the main railway station. Therefore, it is convenient to arrive by train.<\/strong><\/p>\n<p><img loading=\"lazy\" decoding=\"async\" class=\"wp-image-466 size-full alignleft\" src=\"http:\/\/www.ritter-fest.de\/wp-content\/uploads\/2014\/10\/oebb-bahn.png\" alt=\"oebb-bahn\" width=\"225\" height=\"32\" \/><\/p>\n<table border=\"0\" width=\"100%\" cellspacing=\"0\" cellpadding=\"0\" align=\"left\">\n<tbody>\n<tr>\n<td colspan=\"2\">\n<h4><strong>Arrival from Austria:<\/strong><\/h4>\n<\/td>\n<\/tr>\n<tr>\n<td>Timetables and prices<\/td>\n<td><a href=\"https:\/\/www.oebb.at\" target=\"_blank\" rel=\"noopener\">https:\/\/www.oebb.at<\/a><\/td>\n<\/tr>\n<tr>\n<td><\/td>\n<td><\/td>\n<\/tr>\n<tr>\n<td><\/td>\n<td><\/td>\n<\/tr>\n<tr>\n<td colspan=\"2\">\n<h4><strong>Arrival from Bavaria:<\/strong><\/h4>\n<\/td>\n<\/tr>\n<tr>\n<td>Timetables and prices<\/td>\n<td><a href=\"https:\/\/www.bahn.de\" target=\"_blank\" rel=\"noopener\">https:\/\/www.bahn.de<\/a><\/td>\n<\/tr>\n<tr>\n<td>Bayernticket<\/td>\n<td style=\"text-align: left;\">The Bayernticket is valid as far as Kufstein!<\/td>\n<\/tr>\n<tr>\n<td>Deutschlandticket<\/td>\n<td>The Deutschlandticket is valid as far as Kufstein!<\/td>\n<\/tr>\n<\/tbody>\n<\/table>\n<p><a id=\"wb_25\" class=\"section_anchor\" name=\"wb_25\"><\/a><\/p>\n<h2>Arrival by car<\/h2>\n<p><strong>From the direction of Innsbruck:<\/strong><br \/>\nA12 (Inntal motorway) to Kufstein S\u00fcd.<\/p>\n<p><strong>From the direction of Rosenheim:<\/strong><br \/>\nA93\/A12 (Inntal motorway) to Kufstein Nord.<\/p>\n<p><strong>Attention! <\/strong>Since December 2019, access to the Ritter-Fest from the direction of D is toll-free to Kufstein S\u00fcd!<\/p>\n<p><img loading=\"lazy\" decoding=\"async\" class=\"aligncenter size-full wp-image-2142\" src=\"https:\/\/www.ritter-fest.de\/wp-content\/uploads\/rfku_anfahrt_2019.png\" alt=\"\" width=\"584\" height=\"438\" srcset=\"https:\/\/www.ritter-fest.de\/wp-content\/uploads\/rfku_anfahrt_2019.png 584w, https:\/\/www.ritter-fest.de\/wp-content\/uploads\/rfku_anfahrt_2019-267x200.png 267w\" sizes=\"auto, (max-width: 584px) 100vw, 584px\" \/><\/p>\n<p><strong>Parking in Kufstein<\/strong><\/p>\n<div>Just follow Kufstein's normal parking guidance system. The fortress is centrally located and there are numerous multi-storey car parks, car parks and parking facilities along the streets around the centre.<\/div>\n<div><strong>The short-stay parking zones (blue markings) are completely free of charge during the festival on Friday from 6 p.m., Saturday from 12 noon and Sunday \/ Whit Monday!<\/strong><\/div>","protected":false},"excerpt":{"rendered":"<p>Die Festung Kufstein liegt nur ca. 200 m vom Hauptbahnhof entfernt. Daher bietet sich die bequeme Anreise per Bahn an. Anreise aus \u00d6sterreich: Fahrpl\u00e4ne und Preise https:\/\/www.oebb.at Anreise aus Bayern: Fahrpl\u00e4ne und Preise https:\/\/www.bahn.de Bayernticket Das Bayernticket gilt bis Kufstein! Deutschlandticket Deutschlandticket gilt bis Kufstein! Anreise mit dem Auto Aus Richtung Innsbruck: A12 (Inntalautobahn) bis Kufstein S\u00fcd. Aus Richtung Rosenheim: A93\/A12 (Inntalautobahn) bis Kufstein Nord. Achtung! Seit Dezember 2019 ist die Zufahrt zum Ritter-Fest aus Richtung D wieder MAUTFREI bis Kufstein S\u00fcd m\u00f6glich! Parken in Kufstein: Folgen Sie einfach dem normalen Parkleitsystem Kufsteins. Die Festung liegt zentral und rund um das Zentrum finden sich zahlreiche Parkh\u00e4user, Parkpl\u00e4tze und Parkm\u00f6glichkeiten entlang der Stra\u00dfen. Die Kurzparkzonen (blaue Markierungen) sind w\u00e4hrend des Festes Freitag ab 18.00 Uhr, Samstag ab 12.00 Uhr und Sonntag \/ Pfingstmontag komplett kostenfrei!<\/p>","protected":false},"author":1,"featured_media":472,"parent":1191,"menu_order":0,"comment_status":"closed","ping_status":"closed","template":"","meta":{"iawp_total_views":4470,"footnotes":""},"class_list":["post-465","page","type-page","status-publish","has-post-thumbnail","hentry"],"acf":[],"_links":{"self":[{"href":"https:\/\/www.ritter-fest.de\/en\/wp-json\/wp\/v2\/pages\/465","targetHints":{"allow":["GET"]}}],"collection":[{"href":"https:\/\/www.ritter-fest.de\/en\/wp-json\/wp\/v2\/pages"}],"about":[{"href":"https:\/\/www.ritter-fest.de\/en\/wp-json\/wp\/v2\/types\/page"}],"author":[{"embeddable":true,"href":"https:\/\/www.ritter-fest.de\/en\/wp-json\/wp\/v2\/users\/1"}],"replies":[{"embeddable":true,"href":"https:\/\/www.ritter-fest.de\/en\/wp-json\/wp\/v2\/comments?post=465"}],"version-history":[{"count":30,"href":"https:\/\/www.ritter-fest.de\/en\/wp-json\/wp\/v2\/pages\/465\/revisions"}],"predecessor-version":[{"id":2929,"href":"https:\/\/www.ritter-fest.de\/en\/wp-json\/wp\/v2\/pages\/465\/revisions\/2929"}],"up":[{"embeddable":true,"href":"https:\/\/www.ritter-fest.de\/en\/wp-json\/wp\/v2\/pages\/1191"}],"wp:featuredmedia":[{"embeddable":true,"href":"https:\/\/www.ritter-fest.de\/en\/wp-json\/wp\/v2\/media\/472"}],"wp:attachment":[{"href":"https:\/\/www.ritter-fest.de\/en\/wp-json\/wp\/v2\/media?parent=465"}],"curies":[{"name":"wp","href":"https:\/\/api.w.org\/{rel}","templated":true}]}}

<p><strong>Kufstein Fortress is only about 200 m from the main railway station. Therefore, it is convenient to arrive by train.</strong></p>
<p><img loading="lazy" decoding="async" class="wp-image-466 size-full alignleft" src="http://www.ritter-fest.de/wp-content/uploads/2014/10/oebb-bahn.png" alt="oebb-bahn" width="225" height="32" /></p>
<table border="0" width="100%" cellspacing="0" cellpadding="0" align="left">
<tbody>
<tr>
<td colspan="2">
<h4><strong>Arrival from Austria:</strong></h4>
</td>
</tr>
<tr>
<td>Timetables and prices</td>
<td><a href="https://www.oebb.at" target="_blank" rel="noopener">https://www.oebb.at</a></td>
</tr>
<tr>
<td></td>
<td></td>
</tr>
<tr>
<td></td>
<td></td>
</tr>
<tr>
<td colspan="2">
<h4><strong>Arrival from Bavaria:</strong></h4>
</td>
</tr>
<tr>
<td>Timetables and prices</td>
<td><a href="https://www.bahn.de" target="_blank" rel="noopener">https://www.bahn.de</a></td>
</tr>
<tr>
<td>Bayernticket</td>
<td style="text-align: left;">The Bayernticket is valid as far as Kufstein!</td>
</tr>
<tr>
<td>Deutschlandticket</td>
<td>The Deutschlandticket is valid as far as Kufstein!</td>
</tr>
</tbody>
</table>
<p><a id="wb_25" class="section_anchor" name="wb_25"></a></p>
<h2>Arrival by car</h2>
<p><strong>From the direction of Innsbruck:</strong><br />
A12 (Inntal motorway) to Kufstein Süd.</p>
<p><strong>From the direction of Rosenheim:</strong><br />
A93/A12 (Inntal motorway) to Kufstein Nord.</p>
<p><strong>Attention! </strong>Since December 2019, access to the Ritter-Fest from the direction of D is toll-free to Kufstein Süd!</p>
<p><img loading="lazy" decoding="async" class="aligncenter size-full wp-image-2142" src="https://www.ritter-fest.de/wp-content/uploads/rfku_anfahrt_2019.png" alt="" width="584" height="438" srcset="https://www.ritter-fest.de/wp-content/uploads/rfku_anfahrt_2019.png 584w, https://www.ritter-fest.de/wp-content/uploads/rfku_anfahrt_2019-267x200.png 267w" sizes="auto, (max-width: 584px) 100vw, 584px" /></p>
<p><strong>Parking in Kufstein</strong></p>
<div>Just follow Kufstein's normal parking guidance system. The fortress is centrally located and there are numerous multi-storey car parks, car parks and parking facilities along the streets around the centre.</div>
<div><strong>The short-stay parking zones (blue markings) are completely free of charge during the festival on Friday from 6 p.m., Saturday from 12 noon and Sunday / Whit Monday!</strong></div>

<p>Die Festung Kufstein liegt nur ca. 200 m vom Hauptbahnhof entfernt. Daher bietet sich die bequeme Anreise per Bahn an. Anreise aus Österreich: Fahrpläne und Preise https://www.oebb.at Anreise aus Bayern: Fahrpläne und Preise https://www.bahn.de Bayernticket Das Bayernticket gilt bis Kufstein! Deutschlandticket Deutschlandticket gilt bis Kufstein! Anreise mit dem Auto Aus Richtung Innsbruck: A12 (Inntalautobahn) bis Kufstein Süd. Aus Richtung Rosenheim: A93/A12 (Inntalautobahn) bis Kufstein Nord. Achtung! Seit Dezember 2019 ist die Zufahrt zum Ritter-Fest aus Richtung D wieder MAUTFREI bis Kufstein Süd möglich! Parken in Kufstein: Folgen Sie einfach dem normalen Parkleitsystem Kufsteins. Die Festung liegt zentral und rund um das Zentrum finden sich zahlreiche Parkhäuser, Parkplätze und Parkmöglichkeiten entlang der Straßen. Die Kurzparkzonen (blaue Markierungen) sind während des Festes Freitag ab 18.00 Uhr, Samstag ab 12.00 Uhr und Sonntag / Pfingstmontag komplett kostenfrei!</p>
