{"id":679,"date":"2015-05-15T15:54:42","date_gmt":"2015-05-15T13:54:42","guid":{"rendered":"http:\/\/www.ritter-fest.de\/?page_id=679"},"modified":"2026-04-19T10:24:19","modified_gmt":"2026-04-19T08:24:19","slug":"programm-freitag","status":"publish","type":"page","link":"https:\/\/www.ritter-fest.de\/en\/ritter-fest-kufstein\/das-fest\/programm-freitag\/","title":{"rendered":"Programm 22.05.26 Freitag"},"content":{"rendered":"<p><strong>10:00 - 23:00: <\/strong>Josefsburg Castle, Castle Garden at the Emperor's Tower, Herb Garden, War Powder Magazine, Lower Castle Barracks, etc.: Jugglers, musicians, swordfighting and fire shows without interruption. The merchants are open until 22:00.<br><strong>Parade of all participants: 16:30<\/strong><\/p>\n\n\n\n<p class=\"has-black-color has-text-color has-link-color wp-elements-c6e25a9a825045f1f873d0ce80df5250\"><strong>Highlights at a glance:<\/strong><br>(Excerpt from the overall programme. Subject to change).<\/p>\n\n\n\n<p><strong>Josefsburg<\/strong><br>11:00 Uhr &#8211; Narrengold<br>12:00 Uhr &#8211; Poeta Magica<br>13:30 Uhr &#8211; Opus Furore<br>14:30 Uhr &#8211; Poeta Magica<br>17:00 Uhr &#8211; Artus Thor<br>17:45 Uhr &#8211; Narrengold<br>19:45 Uhr &#8211; Koenix<br>ca. 21:45 Uhr &#8211; Gro\u00dfe Feuershow mit Artus Thor, BenJamIn, Eventpuppets, Jolandolo vom Birkenschwamm, Magnus, Nadja Nads, Opus Furore, Troll &amp; \u00c4lva. Musik: Poeta Magica feat. Drums on Fire<\/p>\n\n\n\n<p><strong>Schlossgarten<\/strong><br>12:00 Uhr &#8211; Heldenorgel<br>12:30 Uhr &#8211; Minnesangs Fr\u00fchling<br>13:30 Uhr &#8211; Koenix<br>15:00 Uhr &#8211; Narrengold<br>17:15 Uhr &#8211; Minnesangs Fr\u00fchling<br>18:30 Uhr &#8211; Poeta Magica<\/p>\n\n\n\n<p><strong>Festungsneuhof<\/strong><br>12:00 Uhr &#8211; Heldenorgel<\/p>\n\n\n\n<p><strong>Taverne zum Roten Drachen \/ Kriegspulvermagazin<\/strong><br>12:00 Uhr &#8211; Marcus van Langen<br>13:30 Uhr &#8211; Artus Thor<br>14:30 Uhr &#8211; Marcus van Langen<br>15:30 Uhr &#8211; Opus Furore<br>17:00 Uhr &#8211; Macht Fotos mit dem Roten Drachen<br>18:00 Uhr &#8211; Marcus van Langen<br>19:00 Uhr &#8211; Artus Thor<\/p>\n\n\n\n<p><strong>Kr\u00e4utergarten \/ Annabatterie<\/strong><br>12:00 Uhr &#8211; Minnesangs Fr\u00fchling<br>13:30 Uhr &#8211; Minnesangs Fr\u00fchling<br>15:00 Uhr &#8211; Jolandolo vom Birkenschwamm<br>16:00 Uhr &#8211; Marcus van Langen<br>17:30 Uhr &#8211; Opus Furore<br>18:30 Uhr &#8211; Jolandolo vom Birkenschwamm<\/p>\n\n\n\n<p><strong>Pfauenschweif<\/strong><br>12:00 Uhr &#8211; Luginsland<br>13:30 Uhr &#8211; Luginsland<br>14:30 Uhr &#8211; Luginsland<br>15:30 Uhr &#8211; Luginsland<br>17:00 Uhr &#8211; Luginsland<br>18:00 Uhr &#8211; Luginsland<\/p>\n\n\n\n<p><strong>Schlossrondell<\/strong><br>13:00 Uhr &#8211; 17:00 Uhr &#8211; Frowin begr\u00fc\u00dft Euch<\/p>\n\n\n\n<p><strong>H\u00f6hle<\/strong><br>13:00 Uhr &#8211; Troll &amp; \u00c4lva<br>15:00 Uhr &#8211; Troll &amp; \u00c4lva<\/p>","protected":false},"excerpt":{"rendered":"<p>10:00 &#8211; 23:00 Uhr: Josefsburg, Schlossgarten am Kaiserturm, Kr\u00e4utergarten, Kriegspulvermagazin, Untere Schlosskaserne, usw.: Gaukler, Musikanten, Ritterk\u00e4mpfe und Feuershows ohn\u2018 Unterlass. Die H\u00e4ndler haben bis 22:00 Uhr ge\u00f6ffnet.Festumzug aller Mitwirkenden: 16:30 Uhr. H\u00f6hepunkte im \u00dcberblick:(Auszug aus dem Gesamtprogramm. \u00c4nderungen vorbehalten.) Josefsburg11:00 Uhr &#8211; Narrengold12:00 Uhr &#8211; Poeta Magica13:30 Uhr &#8211; Opus Furore14:30 Uhr &#8211; Poeta Magica17:00 Uhr &#8211; Artus Thor17:45 Uhr &#8211; Narrengold19:45 Uhr &#8211; Koenixca. 21:45 Uhr &#8211; Gro\u00dfe Feuershow mit Artus Thor, BenJamIn, Eventpuppets, Jolandolo vom Birkenschwamm, Magnus, Nadja Nads, Opus Furore, Troll &amp; \u00c4lva. Musik: Poeta Magica feat. Drums on Fire Schlossgarten12:00 Uhr &#8211; Heldenorgel12:30 Uhr &#8211; Minnesangs Fr\u00fchling13:30 Uhr &#8211; Koenix15:00 Uhr &#8211; Narrengold17:15 Uhr &#8211; Minnesangs Fr\u00fchling18:30 Uhr &#8211; Poeta Magica Festungsneuhof12:00 Uhr &#8211; Heldenorgel Taverne zum Roten Drachen \/ Kriegspulvermagazin12:00 Uhr &#8211; Marcus van Langen13:30 Uhr &#8211; Artus Thor14:30 Uhr &#8211; Marcus van Langen15:30 Uhr &#8211; Opus Furore17:00 Uhr &#8211; Macht Fotos mit dem Roten Drachen18:00 Uhr &#8211; Marcus van Langen19:00 Uhr &#8211; Artus Thor Kr\u00e4utergarten \/ Annabatterie12:00 Uhr &#8211; Minnesangs Fr\u00fchling13:30 Uhr &#8211; Minnesangs Fr\u00fchling15:00 Uhr &#8211; Jolandolo vom Birkenschwamm16:00 Uhr &#8211; Marcus van Langen17:30 Uhr &#8211; Opus Furore18:30 Uhr &#8211; Jolandolo vom Birkenschwamm Pfauenschweif12:00 Uhr &#8211; Luginsland13:30 Uhr &#8211; Luginsland14:30 Uhr &#8211; Luginsland15:30 Uhr &#8211; Luginsland17:00 Uhr &#8211; Luginsland18:00 Uhr &#8211; Luginsland Schlossrondell13:00 Uhr &#8211; 17:00 Uhr &#8211; Frowin begr\u00fc\u00dft Euch H\u00f6hle13:00 Uhr &#8211; Troll &amp; \u00c4lva15:00 Uhr &#8211; Troll &amp; \u00c4lva<\/p>","protected":false},"author":1,"featured_media":2913,"parent":864,"menu_order":0,"comment_status":"closed","ping_status":"closed","template":"","meta":{"iawp_total_views":6562,"footnotes":""},"class_list":["post-679","page","type-page","status-publish","has-post-thumbnail","hentry"],"acf":[],"_links":{"self":[{"href":"https:\/\/www.ritter-fest.de\/en\/wp-json\/wp\/v2\/pages\/679","targetHints":{"allow":["GET"]}}],"collection":[{"href":"https:\/\/www.ritter-fest.de\/en\/wp-json\/wp\/v2\/pages"}],"about":[{"href":"https:\/\/www.ritter-fest.de\/en\/wp-json\/wp\/v2\/types\/page"}],"author":[{"embeddable":true,"href":"https:\/\/www.ritter-fest.de\/en\/wp-json\/wp\/v2\/users\/1"}],"replies":[{"embeddable":true,"href":"https:\/\/www.ritter-fest.de\/en\/wp-json\/wp\/v2\/comments?post=679"}],"version-history":[{"count":18,"href":"https:\/\/www.ritter-fest.de\/en\/wp-json\/wp\/v2\/pages\/679\/revisions"}],"predecessor-version":[{"id":3183,"href":"https:\/\/www.ritter-fest.de\/en\/wp-json\/wp\/v2\/pages\/679\/revisions\/3183"}],"up":[{"embeddable":true,"href":"https:\/\/www.ritter-fest.de\/en\/wp-json\/wp\/v2\/pages\/864"}],"wp:featuredmedia":[{"embeddable":true,"href":"https:\/\/www.ritter-fest.de\/en\/wp-json\/wp\/v2\/media\/2913"}],"wp:attachment":[{"href":"https:\/\/www.ritter-fest.de\/en\/wp-json\/wp\/v2\/media?parent=679"}],"curies":[{"name":"wp","href":"https:\/\/api.w.org\/{rel}","templated":true}]}}

<p><strong>10:00 - 23:00: </strong>Josefsburg Castle, Castle Garden at the Emperor's Tower, Herb Garden, War Powder Magazine, Lower Castle Barracks, etc.: Jugglers, musicians, swordfighting and fire shows without interruption. The merchants are open until 22:00.<br><strong>Parade of all participants: 16:30</strong></p>



<p class="has-black-color has-text-color has-link-color wp-elements-c6e25a9a825045f1f873d0ce80df5250"><strong>Highlights at a glance:</strong><br>(Excerpt from the overall programme. Subject to change).</p>



<p><strong>Josefsburg</strong><br>11:00 Uhr &#8211; Narrengold<br>12:00 Uhr &#8211; Poeta Magica<br>13:30 Uhr &#8211; Opus Furore<br>14:30 Uhr &#8211; Poeta Magica<br>17:00 Uhr &#8211; Artus Thor<br>17:45 Uhr &#8211; Narrengold<br>19:45 Uhr &#8211; Koenix<br>ca. 21:45 Uhr &#8211; Große Feuershow mit Artus Thor, BenJamIn, Eventpuppets, Jolandolo vom Birkenschwamm, Magnus, Nadja Nads, Opus Furore, Troll &amp; Älva. Musik: Poeta Magica feat. Drums on Fire</p>



<p><strong>Schlossgarten</strong><br>12:00 Uhr &#8211; Heldenorgel<br>12:30 Uhr &#8211; Minnesangs Frühling<br>13:30 Uhr &#8211; Koenix<br>15:00 Uhr &#8211; Narrengold<br>17:15 Uhr &#8211; Minnesangs Frühling<br>18:30 Uhr &#8211; Poeta Magica</p>



<p><strong>Festungsneuhof</strong><br>12:00 Uhr &#8211; Heldenorgel</p>



<p><strong>Taverne zum Roten Drachen / Kriegspulvermagazin</strong><br>12:00 Uhr &#8211; Marcus van Langen<br>13:30 Uhr &#8211; Artus Thor<br>14:30 Uhr &#8211; Marcus van Langen<br>15:30 Uhr &#8211; Opus Furore<br>17:00 Uhr &#8211; Macht Fotos mit dem Roten Drachen<br>18:00 Uhr &#8211; Marcus van Langen<br>19:00 Uhr &#8211; Artus Thor</p>



<p><strong>Kräutergarten / Annabatterie</strong><br>12:00 Uhr &#8211; Minnesangs Frühling<br>13:30 Uhr &#8211; Minnesangs Frühling<br>15:00 Uhr &#8211; Jolandolo vom Birkenschwamm<br>16:00 Uhr &#8211; Marcus van Langen<br>17:30 Uhr &#8211; Opus Furore<br>18:30 Uhr &#8211; Jolandolo vom Birkenschwamm</p>



<p><strong>Pfauenschweif</strong><br>12:00 Uhr &#8211; Luginsland<br>13:30 Uhr &#8211; Luginsland<br>14:30 Uhr &#8211; Luginsland<br>15:30 Uhr &#8211; Luginsland<br>17:00 Uhr &#8211; Luginsland<br>18:00 Uhr &#8211; Luginsland</p>



<p><strong>Schlossrondell</strong><br>13:00 Uhr &#8211; 17:00 Uhr &#8211; Frowin begrüßt Euch</p>



<p><strong>Höhle</strong><br>13:00 Uhr &#8211; Troll &amp; Älva<br>15:00 Uhr &#8211; Troll &amp; Älva</p>

<p>10:00 &#8211; 23:00 Uhr: Josefsburg, Schlossgarten am Kaiserturm, Kräutergarten, Kriegspulvermagazin, Untere Schlosskaserne, usw.: Gaukler, Musikanten, Ritterkämpfe und Feuershows ohn‘ Unterlass. Die Händler haben bis 22:00 Uhr geöffnet.Festumzug aller Mitwirkenden: 16:30 Uhr. Höhepunkte im Überblick:(Auszug aus dem Gesamtprogramm. Änderungen vorbehalten.) Josefsburg11:00 Uhr &#8211; Narrengold12:00 Uhr &#8211; Poeta Magica13:30 Uhr &#8211; Opus Furore14:30 Uhr &#8211; Poeta Magica17:00 Uhr &#8211; Artus Thor17:45 Uhr &#8211; Narrengold19:45 Uhr &#8211; Koenixca. 21:45 Uhr &#8211; Große Feuershow mit Artus Thor, BenJamIn, Eventpuppets, Jolandolo vom Birkenschwamm, Magnus, Nadja Nads, Opus Furore, Troll &amp; Älva. Musik: Poeta Magica feat. Drums on Fire Schlossgarten12:00 Uhr &#8211; Heldenorgel12:30 Uhr &#8211; Minnesangs Frühling13:30 Uhr &#8211; Koenix15:00 Uhr &#8211; Narrengold17:15 Uhr &#8211; Minnesangs Frühling18:30 Uhr &#8211; Poeta Magica Festungsneuhof12:00 Uhr &#8211; Heldenorgel Taverne zum Roten Drachen / Kriegspulvermagazin12:00 Uhr &#8211; Marcus van Langen13:30 Uhr &#8211; Artus Thor14:30 Uhr &#8211; Marcus van Langen15:30 Uhr &#8211; Opus Furore17:00 Uhr &#8211; Macht Fotos mit dem Roten Drachen18:00 Uhr &#8211; Marcus van Langen19:00 Uhr &#8211; Artus Thor Kräutergarten / Annabatterie12:00 Uhr &#8211; Minnesangs Frühling13:30 Uhr &#8211; Minnesangs Frühling15:00 Uhr &#8211; Jolandolo vom Birkenschwamm16:00 Uhr &#8211; Marcus van Langen17:30 Uhr &#8211; Opus Furore18:30 Uhr &#8211; Jolandolo vom Birkenschwamm Pfauenschweif12:00 Uhr &#8211; Luginsland13:30 Uhr &#8211; Luginsland14:30 Uhr &#8211; Luginsland15:30 Uhr &#8211; Luginsland17:00 Uhr &#8211; Luginsland18:00 Uhr &#8211; Luginsland Schlossrondell13:00 Uhr &#8211; 17:00 Uhr &#8211; Frowin begrüßt Euch Höhle13:00 Uhr &#8211; Troll &amp; Älva15:00 Uhr &#8211; Troll &amp; Älva</p>
